4 - -3*m/(-6) is divided by ((-18)/(-8))/(2/16).
14
Suppose -11*q - 16*q + 8*q = -12521. What is the remainder when q is divided by 110?
109
Let z(n) = n**3 + 6*n**2 - 8*n + 2. Let b(o) = -6*o - 55. Let u be b(-8). What is the remainder when 88 is divided by z(u)?
7
Suppose 5126 = 28*y - 6*y. Let r = -14 - -27. Calculate the remainder when y is divided by r.
12
Let r(u) = -8*u - 4. Let g be r(-1). Suppose -x + 3*x = 3*s + 68, -x - g*s = -23. Let l = x + -10. Calculate the remainder when l is divided by 12.
9
Let y(d) = 2*d - 2. Let p(g) = -g + 3. Let z(x) = 3*p(x) + 2*y(x). What is the remainder when z(5) is divided by -2*2/(-4) + 3?
2
Let j be (1/((-6)/375))/((-3)/6). Let z = j - 143. Calculate the remainder when 40 is divided by (99/z)/(0 + 2/(-4)).
7
Suppose -40*p = -36*p - 3*k - 8, p + k = 16. Suppose -131 = -5*v + 54. What is the remainder when v is divided by p?
5
Suppose -1610 = -5*z - 4*r, 3*z - 183 = 3*r + 783. Calculate the remainder when 1309 is divided by z.
21
Suppose -5*k = -5*j + 100, -4*j + k = -66 - 8. Suppose -10 = -4*v + j. Let z = -71842 + 71869. What is the remainder when z is divided by v?
6
What is the remainder when (43680/(-90))/(-56)*60*4/2 is divided by 175?
165
Suppose 18*b = 8377 + 7247. What is the remainder when 882 is divided by b?
14
Let t be (0 - 801/15)*-5. Suppose 0 = 10*o + 21 - 61. Suppose -t = -o*s - 111. Calculate the remainder when s is divided by 10.
9
Let l(w) = w**3 - 6*w**2 + 3*w - 13. Let p be l(6). Calculate the remainder when 886/14 + (-2)/7 is divided by p + -6 - 18/(-2).
7
Suppose -3*q = 0, 125 = 3*y - 3*q - 70. What is the remainder when 42/98 + ((-8)/70)/((-2)/3370) is divided by y?
63
Suppose -14090 - 16790 = -16*j. Calculate the remainder when j is divided by 14.
12
Suppose -5*m + 101 = 4*g, 5*m = -g + 124 - 110. Calculate the remainder when 1535 is divided by g.
27
Suppose 52*x = -237*x + 24565. Calculate the remainder when x is divided by 2/2 + (-14)/(-2).
5
Suppose 0 = -27*n - 5*n - 57780 + 503700. What is the remainder when n is divided by 340?
335
Suppose 8 = i - 14. Let f = -266 + 270. Suppose f*d = -4*z + 256, -3*d + 184 = -0*d - 5*z. What is the remainder when d is divided by i?
19
What is the remainder when 79 is divided by 11*(-1 + 0)*(4952/(-88) + 55)?
9
Let u(i) = -5*i**3 + 3*i - 3. Suppose 0 = 14*p - 518 + 402 - 668. Calculate the remainder when u(-3) is divided by p.
11
Let d be (-1633)/(-8) - 9/72 - 4. Suppose i - 5*t - 100 = -10*t, 2*i + 4*t = d. Calculate the remainder when i is divided by 18.
10
Let v(t) = -131*t**2 - 773*t + 5. Let a = 54 - 41. Calculate the remainder when v(-5) is divided by a.
10
Let g = 30407 + -26510. Calculate the remainder when g is divided by 100.
97
Let j = 37 + -34. Let k be j/6*(-6 - -12). Let o = k - -2. What is the remainder when 12 is divided by o?
2
Suppose 10*m + 13*m = 38*m - 1020. What is the remainder when 192 is divided by m?
56
Calculate the remainder when (-8086 + 4)*(-1)/6 is divided by 18.
15
Let s(n) = -n**3 - 13*n**2 - 8*n + 228. Suppose 4*l - l = 87. What is the remainder when s(-11) is divided by l?
16
Let p be (-1 - (-5)/3)*-54. Let a be (288/60 - 6)*(95/(-2))/1. Let o = p + a. Calculate the remainder when 82 is divided by o.
19
Let c(b) = b**3 + 10*b**2 - 81*b - 84. Calculate the remainder when 199 is divided by c(-15).
1
Let a(j) = -18*j - 2082. Suppose -5*o - 1 = 4, -4*o = 4*x + 80. Let c = 35 + x. What is the remainder when c is divided by a(-116)?
4
Let o be 5/5 - (-5 - -2). Let r = 56 - 31. Suppose 3*d - 5*n = o*d - r, 3*n = 9. Calculate the remainder when 59 is divided by d.
9
What is the remainder when 8/1 - ((-1142383)/121 + (-44)/(-242)) is divided by 126?
125
Let b = 596 + -523. Suppose -2*j = 3*u - 69 - b, 0 = 5*u + 4*j - 236. What is the remainder when 381 is divided by u?
45
Let g be ((-2)/3 - 511/21) + 1. Suppose -2*n = -n - 38. Let k = n + g. What is the remainder when 55 is divided by k?
13
What is the remainder when -3*(2/(-4))/(6/916) is divided by ((-3 - -2)*(-2)/(-4))/(247/(-16302))?
31
Let b(t) = -26*t + 2. Let p be b(2). Let x = p + 30. What is the remainder when ((-33 - 2) + -1)/(x - -19) is divided by 24?
12
Let m = -123 - -166. Calculate the remainder when m is divided by 2/(-10) - (-1269)/(-45)*-1.
15
Let m(t) = -5 + 7*t**3 + 9*t**3 - 7*t**2 - 17*t**3 + 0*t**3 - 4*t. Suppose 2*b - 36 = -8. What is the remainder when m(-7) is divided by b?
9
Suppose -36*i + 616 = 100*i - 48*i. Let d(u) = u**3 + u**2 + 4*u - 3. What is the remainder when d(5) is divided by i?
6
Let k(i) = -7*i + 249. Let x(j) = j. Let n(l) = k(l) + x(l). Calculate the remainder when 84 is divided by n(34).
39
Let r = -4816 + 4862. What is the remainder when 91 is divided by r?
45
Suppose 0 = -44*a - 4310 - 2202. What is the remainder when 48/12 - (a + 3) is divided by 38?
35
Let q = -31 - -38. Suppose 3*o + 17 = 2*l, 8*o = -2*l + q*o + 21. Calculate the remainder when 248 is divided by l.
8
Suppose 37*n + 56 = 44*n. Suppose -270 = -n*a - 22. Calculate the remainder when a is divided by 16.
15
Let f be (-1 + 3)/(-2) + 1. Suppose 3*n = 3*q - 4*q + 35, f = -3*q + 3*n + 105. Let z(p) = 56*p + 738. Calculate the remainder when q is divided by z(-13).
5
Let f = 169 - 163. Let u(c) = 5*c**3 + c**2 - 2*c - 1. What is the remainder when u(2) is divided by 290/26 + 2/(-78)*f?
6
Suppose 8 = 157*a - 153*a. Suppose -2*o - 40 = -3*o - n, -a*n + 2 = 0. What is the remainder when o is divided by 23?
16
Let i(k) = -4*k - 3. Suppose -2*n = 23*n + 5*n - 3690. What is the remainder when n is divided by i(-6)?
18
Let v(m) = -4*m**3 - 14*m**2 - 13*m - 49. What is the remainder when v(-7) is divided by 240?
8
Let v = -32 + 80. Suppose -3*l + 124 = 4*x, -5*l + 0*l = 2*x - v. Calculate the remainder when x is divided by 7/(21/30) + 3.
8
What is the remainder when 318 is divided by 120/65*819/42?
30
Let q be 6/(-14) - (-27137)/77. Suppose -4*v = 16, 6*h - 3*v - q = h. Let k = 571 + -548. Calculate the remainder when h is divided by k.
22
Let f = 20037 + -20029. Calculate the remainder when 1574 is divided by f.
6
Let o(d) be the second derivative of d**3/6 + 2*d**2 + 37*d. What is the remainder when 63 is divided by o(14)?
9
Let y(a) = -a**3 + 41*a**2 - 281*a + 12. Calculate the remainder when 749 is divided by y(9).
74
Let h(k) = -260*k + 3907. Calculate the remainder when 169 is divided by h(15).
1
What is the remainder when 248 is divided by (-1264)/(-474)*((-202)/(-8) + 1)?
38
Suppose -5*c - 2*x + 172 = 0, -5*x + 48 = 2*c - 25. Calculate the remainder when ((-471)/628)/((-6)/1328) is divided by c.
30
Let x = 48007 + -78207. Calculate the remainder when x/(-225) + (-2)/9 is divided by 35.
29
Let f be (0 + -4)/((-10)/15)*2. Suppose 11*i + f = 13*i. Suppose 63 = c + i*t - t, -4*t = 4*c - 172. Calculate the remainder when c is divided by 10.
8
What is the remainder when 5 - (-1)/((-1148)/1155 + 1) is divided by 14?
2
What is the remainder when (-8)/14 + (-59)/(-413)*(10470 - 1) is divided by 44?
43
Let q(o) be the first derivative of -51*o - 14 - 15/2*o**2. What is the remainder when 116 is divided by q(-6)?
38
Suppose 0 = -6*i - 3*i + 18. Suppose 0 = -i*x - 29 + 35. What is the remainder when 50 is divided by x?
2
Let t(p) = 11*p**2 + 3*p + 11. Calculate the remainder when t(4) is divided by 17/(-1)*(18 - (37 + -17)).
29
Let d(o) = o**3 - 17*o**2 + 16*o - 15. Let t be d(16). Let m(c) = -c**2 - 17*c - 15. Calculate the remainder when m(-6) is divided by t/99*-177 + 4/22.
24
Suppose 0 = 5*x - 55*a + 58*a - 196, 3*a + 108 = 3*x. What is the remainder when 255 is divided by x?
27
Suppose -1416 - 336 = -147*i + 4128. What is the remainder when 271 is divided by i?
31
Suppose -m - 35 + 144 = -5*p, -2*m - 3*p + 205 = 0. Let o = m + -112. Calculate the remainder when -2*(286/o - 5/(-20)) is divided by 36.
35
Let w be (-1)/(5/(-20)) - (1 + 1). Let g be (5 - w) + (-5 - -2). Calculate the remainder when 50 is divided by g/(-3) - (3 + -16).
11
Suppose 2*j + y = 189, 0 = 5*j + 5*y - 498 + 28. Calculate the remainder when 7 + j + 3 + -6 is divided by 15.
9
Let l(s) = 104*s - 6335. What is the remainder when l(75) is divided by 210?
205
Suppose -486 = -4*o + w + 99, 5*o = w + 730. Calculate the remainder when 162 is divided by o.
17
Suppose 4*i = -n + 7658, -197*n = 2*i 